?
3
What is the hundreds digit of 5498?
4
What is the thousands digit of 36450?
6
What is the units digit of 582?
2
What is the hundreds digit of 408?
4
What is the hundreds digit of 179769?
7
What is the hundreds digit of 1005?
0
What is the ten thousands digit of 125798?
2
What is the units digit of 468?
8
What is the units digit of 1928?
8
What is the tens digit of 92956?
5
What is the hundreds digit of 2461?
4
What is the hundreds digit of 14072?
0
What is the units digit of 147?
7
What is the thousands digit of 29166?
9
What is the units digit of 157?
7
What is the tens digit of 17596?
9
What is the hundreds digit of 15605?
6
What is the hundreds digit of 3897?
8
What is the units digit of 1556?
6
What is the thousands digit of 7064?
7
What is the tens digit of 88141?
4
What is the ten thousands digit of 24050?
2
What is the hundreds digit of 9638?
6
What is the tens digit of 4633?
3
What is the tens digit of 135?
3
What is the thousands digit of 66242?
6
What is the units digit of 1187?
7
What is the hundreds digit of 6208?
2
What is the thousands digit of 1911?
1
What is the thousands digit of 1673?
1
What is the thousands digit of 22938?
2
What is the units digit of 765?
5
What is the tens digit of 29381?
8
What is the hundreds digit of 5672?
6
What is the ten thousands digit of 51440?
5
What is the hundreds digit of 697?
6
What is the thousands digit of 46266?
6
What is the units digit of 431?
1
What is the ten thousands digit of 54611?
5
What is the tens digit of 1014?
1
What is the hundred thousands digit of 111249?
1
What is the hundreds digit of 1061?
0
What is the thousands digit of 18581?
8
What is the hundreds digit of 65948?
9
What is the thousands digit of 6491?
6
What is the hundreds digit of 527?
5
What is the tens digit of 7895?
9
What is the thousands digit of 4128?
4
What is the tens digit of 115?
1
What is the units digit of 1941?
1
What is the ten thousands digit of 71489?
7
What is the hundreds digit of 853?
8
What is the units digit of 2047?
7
What is the units digit of 510?
0
What is the tens digit of 113170?
7
What is the tens digit of 1824?
2
What is the tens digit of 1146?
4
What is the units digit of 3487?
7
What is the thousands digit of 148147?
8
What is the hundreds digit of 172?
1
What is the tens digit of 508?
0
What is the thousands digit of 12395?
2
What is the tens digit of 2092?
9
What is the hundreds digit of 6513?
5
What is the thousands digit of 1011?
1
What is the units digit of 58?
8
What is the ten thousands digit of 58091?
5
What is the hundreds digit of 582?
5
What is the hundreds digit of 7506?
5
What is the tens digit of 413?
1
What is the thousands digit of 23265?
3
What is the units digit of 4170?
0
What is the hundreds digit of 1204?
2
What is the tens digit of 1529?
2
What is the hundreds digit of 610?
6
What is the hundreds digit of 12079?
0
What is the thousands digit of 17002?
7
What is the ten thousands digit of 130357?
3
What is the units digit of 999?
9
What is the units digit of 79892?
2
What is the thousands digit of 82536?
2
What is the hundreds digit of 843?
8
What is the units digit of 28303?
3
What is the hundreds digit of 748?
7
What is the hundreds digit of 106346?
3
What is the tens digit of 16860?
6
What is the thousands digit of 7427?
7
What is the ten thousands digit of 133374?
3
What is the ten thousands digit of 25032?
2
What is the units digit of 942?
2
What is the tens digit of 2740?
4
What is the tens digit of 7322?
2
What is the units digit of 14848?
8
What is the tens digit of 4794?
9
What is the tens digit of 266?
6
What is the ten thousands digit of 130918?
3
What is the tens digit of 2184?
8
What is the tens digit of 407?
0
What is the hundreds digit of 10832?
8
What is the thousands digit of 1077?
1
What is the hundreds digit of 2693?
6
What is the ten thousands digit of 78115?
7
What is the tens digit of 2466?
6
What is the thousands digit of 14965?
4
What is the tens digit of 9126?
2
What is the hundreds digit of 551?
5
What is the tens digit of 5959?
5
What is the units digit of 995?
5
What is the tens digit of 28255?
5
What is the tens digit of 7907?
0
What is the tens digit of 973?
7
What is the thousands digit of 32755?
2
What is the hundreds digit of 2987?
9
What is the units digit of 100?
0
What is the tens digit of 114?
1
What is the thousands digit of 5133?
5
What is the hundreds digit of 3840?
8
What is the units digit of 1710?
0
What is the hundreds digit of 1460?
4
What is the thousands digit of 18237?
8
What is the units digit of 275?
5
What is the units digit of 70339?
9
What is the ten thousands digit of 31151?
3
What is the thousands digit of 36423?
6
What is the thousands digit of 6225?
6
What is the units digit of 696?
6
What is the hundreds digit of 411?
4
What is the tens digit of 107417?
1
What is the units digit of 3173?
3
What is the tens digit of 45243?
4
What is the ten thousands digit of 30320?
3
What is the hundred thousands digit of 110418?
1
What is the hundreds digit of 1486?
4
What is the ten thousands digit of 42843?
4
What is the units digit of 1757?
7
What is the units digit of 18485?
5
What is the thousands digit of 103886?
3
What is the hundreds digit of 11895?
8
What is the ten thousands digit of 31479?
3
What is the hundreds digit of 321?
3
What is the hundreds digit of 55731?
7
What is the units digit of 4528?
8
What is the units digit of 298?
8
What is the thousands digit of 2456?
2
What is the units digit of 386?
6
What is the units digit of 9020?
0
What is the units digit of 79?
9
What is the hundreds digit of 66149?
1
What is the thousands digit of 7375?
7
What is the units digit of 644?
4
What is the ten thousands digit of 21791?
2
What is the tens digit of 4719?
1
What is the hundreds digit of 3055?
0
What is the thousands digit of 84920?
4
What is the hundreds digit of 1662?
6
What is the units digit of 626?
6
What is the hundreds digit of 4200?
2
What is the hundreds digit of 2050?
0
What is the thousands digit of 19370?
9
What is the units digit of 12169?
9
What is the thousands digit of 6669?
6
What is the hundreds digit of 21333?
3
What is the tens digit of 438?
3
What is the tens digit of 38379?
7
What is the units digit of 6614?
4
What is the hundreds digit of 350?
3
What is the hundreds digit of 5348?
3
What is the units digit of 2736?
6
What is the thousands digit of 33128?
3
What is the hundreds digit of 22134?
1
What is the hundreds digit of 805?
8
What is the units digit of 1305?
5
What is the thousands digit of 2292?
2
What is the units digit of 33692?
2
What is the thousands digit of 62262?
2
What is the units digit of 33024?
4
What is the tens digit of 775?
7
What is the units digit of 17474?
4
What is the units digit of 204?
4
What is the tens digit of 7739?
3
What is the ten thousands digit of 26703?
2
What is the tens digit of 39399?
9
What is the units digit of 2803?
3
What is the hundreds digit of 2329?
3
What is the thousands digit of 6766?
6
What is the hundreds digit of 9855?
8
What is the ten thousands digit of 55517?
5
What is the hundreds digit of 1620?
6
What is the hundreds digit of 2213?
2
What is the hundreds digit of 3362?
3
What is the ten thousands digit of 33175?
3
What is the ten thousands digit of 11095?
1
What is the tens digit of 9408?
0
What is the tens digit of 12612?
1
What is the units digit of 636?
6
What is the tens digit of 78067?
6
What is the hundreds digit of 114701?
7
What is the units digit of 8875?
5
What is the units digit of 27450?
0
What is the hundreds digit of 61171?
1
What is the tens digit of 2556?
5
What is the units digit of 16583?
3
What is the ten thousands digit of 15576?
1
What is the units digit of 28461?
1
What is the tens digit of 127362?
6
What is the thousands digit of 5076?
5
What is the tens digit of 37121?
2
What is the ten thousands digit of 42044?
4
What is the thousands digit of 3037?
3
What is the ten thousands digit of 96612?
9
What is the units digit of 13175?
5
What is the units digit of 3645?
5
What is the hundreds digit of 11502?
5
What is the units digit of 717?
7
What is the tens digit of 43588?
8
What is the tens digit of 1114?
1
What is the thousands digit of 5837?
5
What is the units digit of 864?
4
What is the tens digit of 5